n 323 is divided by w.
11
Let t(m) = -47*m - 3. What is the remainder when 128 is divided by t(-1)?
40
Suppose 0 = 14*r - 10*r + 264. Let t = r + 81. Calculate the remainder when 42 is divided by t.
12
Let f be 166/4*8/4. Let j = f + -64. What is the remainder when 56 is divided by j?
18
Let w(s) = -7*s + 3. Let r be 2/16 - (6 + (-31)/8). Calculate the remainder when w(r) is divided by 11.
6
Let w(s) = s**3 + s**2 + 4. Let x be w(0). Calculate the remainder when (-10 - 1)/(x/(-8)) is divided by 8.
6
Suppose -3*o + 126 = -o. Suppose -x = -5 + 2. Suppose -y + 66 = x*h, -4*h - y + 11 = -77. What is the remainder when o is divided by h?
19
Let y = -37 - -67. Let j(g) = 25*g - 47. Let f be j(-9). Calculate the remainder when (14/(-8))/(4/f) is divided by y.
29
Suppose -827 = -4*f - o, -4*f + f = o - 619. Let x = f + -142. Let y = x + -14. Calculate the remainder when y is divided by 27.
25
Let d = 278 - 258. Let s(u) = u**3 - 5*u**2 - 8*u - 3. Calculate the remainder when s(7) is divided by d.
19
Let y = -146 - -151. Suppose 0*c - 376 = -4*c. Suppose -i + c = 3*j, -y*i + 4 + 18 = j. Calculate the remainder when j is divided by 9.
5
Let z(x) = x**3 + 9*x**2 + 17*x + 11. Calculate the remainder when 178 is divided by z(-6).
8
Let c(u) = 157*u**3 - 2*u**2 - u + 4. What is the remainder when c(1) is divided by 20?
18
Let r(f) = 43*f - 74. Calculate the remainder when r(4) is divided by 13.
7
Let v be 4*(342/(-8))/(-3). Suppose 2*g - 5*g + v = 0. What is the remainder when g is divided by 0 - 0 - (1 + -12)?
8
Suppose -15 = -3*z + y, 4*y - 2 + 14 = 0. Suppose -4*l + 0 = 4, -3*l - 283 = -z*t. Calculate the remainder when t is divided by 36.
34
Suppose 56*m - 232 = 48*m. What is the remainder when m is divided by (-2 + 5)*(-6)/(-1)?
11
Let c be (22/4 + -3)*(-24)/(-20). Calculate the remainder when 21 is divided by (3 - -6)*2/c.
3
Let l(s) = s. Let m = -26 - -42. What is the remainder when m is divided by l(3)?
1
Suppose 7*c = 4*b + 2*c + 737, b + 5*c = -203. Let q = -99 - b. Calculate the remainder when q is divided by 1*2*22 - -2.
43
Suppose 0 = 11*d - 57 - 53. Suppose d*b + 2*b - 2316 = 0. What is the remainder when b is divided by 28?
25
Suppose -c - 25 = -5*y, 4*y + 2*c = -4 + 24. What is the remainder when 22 is divided by y?
2
Let s(z) = z**2 + z + 4. Suppose 35*t = 38*t - 5*q - 7, 4*q - 16 = 0. What is the remainder when t is divided by s(0)?
1
Let q(g) = 180*g**2 - 2*g + 3. Let j be q(3). What is the remainder when (4/3 + -1)*j/7 is divided by 6?
5
Suppose 0 = a - 7. Let g be (-103)/a - 12/42. Let v = g - -31. What is the remainder when 47 is divided by v?
15
Let g(j) = -38*j - 99. Let t = 1 + 52. What is the remainder when t is divided by g(-3)?
8
Suppose 2*z - 31*z + 2175 = 0. What is the remainder when 292 is divided by z?
67
Let p = 5 - 7. Let n(s) = 14*s**2 - 2. Suppose -485*g + 28 = -483*g. Calculate the remainder when n(p) is divided by g.
12
Let r = 214 - 27. Suppose -3*v = 3*i - 195, -3*v + 3*i = 2*i - r. Calculate the remainder when v is divided by 16.
15
Let h = -17 - -21. Let c(d) = d + 7. Calculate the remainder when 31 is divided by c(h).
9
Let l = 21 + -16. Suppose -3*x + 290 = l*s, 0*s - 396 = -4*x - 2*s. What is the remainder when x is divided by 34?
32
Let z(b) be the first derivative of 11*b**2/2 + 2*b - 21. Calculate the remainder when z(1) is divided by 4.
1
Let v = 153 + -78. Suppose -3*i - g + 37 = -v, -3*g + 102 = 3*i. Calculate the remainder when i is divided by 10.
9
What is the remainder when 1/((-667)/167 + 4) is divided by 56?
55
Let g = -4431 + 4457. Let p(w) = -19*w + 1. Let a be -3*1*4/3. What is the remainder when p(a) is divided by g?
25
Suppose -2 + 102 = 25*k. Let l = -16 - -4. Calculate the remainder when 35 - (l + -4)/k is divided by 21.
18
Suppose n + 2*o - 221 = 0, 2*o - 129 = -131. What is the remainder when n is divided by 73?
4
Suppose 4 = s, -20 = -2*z - 4*s + 2. Suppose q - 4*j = -q - 6, -5*q + z*j = -6. Suppose 46 = q*d - 35. What is the remainder when d is divided by 7?
6
Suppose 409 = 7*n + 318. Suppose -f - 2*l + 56 = 2*l, 160 = 2*f - 4*l. Suppose -2*a + f = -0*a. Calculate the remainder when a is divided by n.
10
Suppose -a + 3*a - 40 = -4*d, -3*d - 4*a = -30. Suppose -45 - 472 = -11*o. Calculate the remainder when o is divided by d.
7
Suppose 4*n - 999 = k, -5*n + 8*n = 5*k + 762. Calculate the remainder when n is divided by 36.
33
Let l = 11 - -77. Calculate the remainder when l is divided by 4.
0
Suppose 20*h = 55*h - 6160. Calculate the remainder when h is divided by 20.
16
Suppose -5*m + 5 = 2*o - 2, -2*m - 5*o = 14. Suppose -j - 2*r - 9 = 2*r, -3*r = -m*j + 33. Suppose -g + j = -0. Calculate the remainder when 19 is divided by g.
5
Let w be (-35)/6 + 5/(-30). Let k(r) = r**2 + 5*r + 10. Let b(q) = -q**2 - 20*q + 9. What is the remainder when b(-18) is divided by k(w)?
13
Let f = -371 + 385. What is the remainder when f is divided by 12?
2
Suppose -2*d + x + 33 = 0, 2*x = 5*d - 2*d - 52. Let o = 41 + -33. What is the remainder when d is divided by o?
6
Let a(c) = -c**3 - 65*c**2 + 177. What is the remainder when a(-65) is divided by 46?
39
Let f(y) = -59*y**2 - y - 3. Let n(d) = -d**2 - 1. Let x(i) = -f(i) + 3*n(i). Let u be 4/10*30/12. What is the remainder when x(u) is divided by 15?
12
Let v be (10/(-4))/((-3)/114) + 2. Let o = v - 70. What is the remainder when 133 is divided by o?
25
Let h = -478 - -498. What is the remainder when 819 is divided by h?
19
Suppose -4*p - a + 13 = 141, -96 = 3*p + a. Let q(v) = 36*v + 342. Let b be q(-11). Let f = p - b. What is the remainder when 42 is divided by f?
20
Suppose -53 = -6*c - 11. Let h(p) = 2*p + 7. What is the remainder when h(c) is divided by 8?
5
Let b = 21 + -20. Let c be 2 - b - (-12)/(-6). What is the remainder when -2*(-4 + 26)*c is divided by 15?
14
Let q = -482 + 553. Calculate the remainder when q is divided by 25.
21
Let r = -23 + 32. Suppose -4*b + r = -67. Calculate the remainder when b is divided by 25*(-2 + 12/5).
9
Let o = 8 + -5. Suppose -o*u + 14 = -13. Calculate the remainder when 2/(-3) + (-74)/(-3) is divided by u.
6
Calculate the remainder when (332/9)/(56/252) is divided by 17.
13
What is the remainder when 13 is divided by (-38)/(-5) - (-21)/(-35)?
6
Suppose -5*k = -2*k - 72. Suppose 0 = 3*y + 4*f - 35, 2*f - 63 = -5*y - 0*y. What is the remainder when k is divided by y?
11
Suppose 3*q + 0*q + 5*k - 67 = 0, 0 = -4*q - 4*k + 84. Suppose 0 = -3*m + q + 26. What is the remainder when 59 is divided by m?
14
Suppose 3*y + 25 = h - 1, -5*y = -4*h + 97. What is the remainder when 68 is divided by h?
22
Suppose -7 + 9 = -u. What is the remainder when ((-1)/u)/(2/84) is divided by 4?
1
Let o(p) = p**2 + 5*p - 7. Let d be o(-5). Let r = d - -10. Suppose -5*n = r*z + z - 81, -2*z + 38 = 2*n. What is the remainder when 26 is divided by z?
12
Let u = 12 + -6. Suppose 5*m + 15 + 50 = 0. Let d = m - -15. Calculate the remainder when u is divided by d.
0
Let u be (2 + (-9 - -2))*(-10 + 9). Suppose 0 = -2*a + u*a + 2*m - 76, 2*a = -3*m + 54. What is the remainder when 117 is divided by a?
21
Suppose 2408 = 7*p - 1155. What is the remainder when p is divided by 73?
71
Calculate the remainder when 7*(8 + -9)*-3 is divided by 12.
9
Suppose 0 = -5*a + m - 6*m + 15, -43 = -5*a + 2*m. Calculate the remainder when 19 is divided by a.
5
Suppose 48*u - 44*u - 372 = 0. What is the remainder when u is divided by 32?
29
Calculate the remainder when 71 is divided by -5 + 2 + 27 + (-8 - -8).
23
Suppose 2*q = 3*m - 48, -58 = -5*m - 5*q + q. Suppose -2*v - 1 = 1. Calculate the remainder when v/(-2 + 1)*27 is divided by m.
13
Suppose -26*z + 7263 = z. Calculate the remainder when z is divided by 53.
4
Let x(q) = -q**2 + 8*q + 8. Let f be x(8). Let y(v) = v**3 - 8*v**2 + 2*v - 12. Calculate the remainder when y(f) is divided by 2.
0
Suppose -20 = -7*b + 36. Let w(c) = c. Let o(q) = -5*q + 4. Calculate the remainder when o(-5) is divided by w(b).
5
Let f = 79 - 78. What is the remainder when 14 is divided by 480/78 - (f - (-22)/(-26))?
2
Let j(n) = -n**3 - n + 6. Let y(l) = -l**3 - l**2 + 3*l + 2. Let g be y(-2). Let o(b) = -4*b - 5. Calculate the remainder when o(-7) is divided by j(g).
5
Let b(k) = -4*k**2 + 5*k + 11. Let u be b(-3). Let p = u + 62.